er?
True
Is 3791919301 prime?
True
Is 534971915 a composite number?
True
Is 219798323 prime?
True
Is 86227707229 prime?
False
Is 20237452241 composite?
True
Is 707010001 prime?
True
Is 628772087 a prime number?
False
Is 16397999201 prime?
False
Is 1019620297 prime?
True
Is 1057157191 a composite number?
True
Is 1839384601 prime?
False
Is 148287649 composite?
False
Is 317654783 prime?
True
Is 37929768155 a composite number?
True
Is 320828647 composite?
False
Is 1443947641 a composite number?
True
Is 44616409177 a composite number?
False
Is 1104923147 composite?
True
Is 774959701 composite?
False
Is 14904374153 a composite number?
True
Is 813973423 a composite number?
False
Is 774021011 a composite number?
False
Is 1426092191 a composite number?
False
Is 16460021222 prime?
False
Is 209650607 a composite number?
True
Is 8458600417 a prime number?
True
Is 46046694079 a composite number?
True
Is 2209858817 a composite number?
False
Is 125239717517 composite?
True
Is 3037701839 prime?
False
Is 20514496087 a composite number?
False
Is 495434501 a prime number?
True
Is 2225708207 a prime number?
True
Is 1306400593 a composite number?
True
Is 450107722 a composite number?
True
Is 2902219589 composite?
True
Is 881586983 composite?
True
Is 16140680989 prime?
True
Is 3186993163 a prime number?
False
Is 8607091921 a composite number?
False
Is 11109218531 a composite number?
True
Is 36918148847 a composite number?
True
Is 13769583097 a composite number?
True
Is 3938240237 prime?
False
Is 65491457 prime?
False
Is 40910263 a composite number?
False
Is 5792735563 a prime number?
False
Is 36398736119 composite?
False
Is 54829141819 composite?
False
Is 771353509 a prime number?
True
Is 4844106607 prime?
True
Is 2998187969 a composite number?
True
Is 33977202641 composite?
False
Is 6318804641 composite?
False
Is 1280353341 a composite number?
True
Is 50932956691 a composite number?
True
Is 1690535255 prime?
False
Is 2990031769 prime?
True
Is 6698108343 a composite number?
True
Is 12727794109 a prime number?
False
Is 2713421951 prime?
True
Is 25837321547 a prime number?
True
Is 13518194971 prime?
True
Is 54804062 a prime number?
False
Is 90276054199 composite?
False
Is 1324210889 composite?
False
Is 27947827153 a composite number?
True
Is 43359929 a composite number?
True
Is 28321412503 composite?
True
Is 3501630421 prime?
True
Is 8578081363 a prime number?
False
Is 1456230577 composite?
False
Is 188177231 a composite number?
True
Is 3703401773 a prime number?
True
Is 59328864871 a prime number?
True
Is 1639729493 composite?
False
Is 9143682299 prime?
True
Is 1070746259 composite?
True
Is 464066677 a composite number?
False
Is 109837451 a composite number?
False
Is 12865958095 a prime number?
False
Is 5417955589 a composite number?
True
Is 127002697871 prime?
False
Is 2045503457 a prime number?
True
Is 134751611 composite?
True
Is 4730887258 a composite number?
True
Is 11221662269 a prime number?
True
Is 2100902623 prime?
False
Is 1501517254 a composite number?
True
Is 642399743 prime?
True
Is 187173387799 composite?
False
Is 8030339711 prime?
False
Is 1050982349 composite?
True
Is 62504400617 composite?
True
Is 94312776841 a composite number?
False
Is 21394686791 a composite number?
False
Is 733696751 composite?
False
Is 186031019 a composite number?
False
Is 15470560877 composite?
False
Is 5612460713 composite?
True
Is 14272823897 a prime number?
False
Is 6817254793 prime?
True
Is 531473797 prime?
True
Is 140442570787 prime?
True
Is 481432614874 a prime number?
False
Is 7023289037 composite?
False
Is 21436125103 prime?
True
Is 397117687 composite?
False
Is 93833252287 composite?
False
Is 40242869 composite?
False
Is 2578013371 prime?
True
Is 699261391 composite?
True
Is 2330150635 prime?
False
Is 4908704557 prime?
True
Is 29798094089 a composite number?
False
Is 284561107 a composite number?
True
Is 485219081 a prime number?
False
Is 188518459 prime?
True
Is 45757221149 a prime number?
False
Is 3328202861 composite?
False
Is 3266684479 a prime number?
True
Is 502785883 a composite number?
True
Is 1221696851 a prime number?
True
Is 962789081 a composite number?
True
Is 7391994193 composite?
True
Is 6467704779 a composite number?
True
Is 9516436403 prime?
False
Is 66737330401 a composite number?
True
Is 694946401 prime?
False
Is 444624233 a composite number?
True
Is 819232597 composite?
False
Is 11177145007 a prime number?
False
Is 129802703 a prime number?
True
Is 3579063071 a composite number?
False
Is 42181754639 a composite number?
True
Is 313266857 a composite number?
True
Is 526360589 a composite number?
True
Is 117941871061 prime?
False
Is 1343407979 prime?
True
Is 28234099 a composite number?
True
Is 15101614285 a composite number?
True
Is 1877585011 a composite number?
False
Is 4968304073 a composite number?
False
Is 284110993 composite?
False
Is 1036302079 prime?
False
Is 74544347987 prime?
True
Is 727985299 prime?
False
Is 36261949 a composite number?
False
Is 586568291 composite?
False
Is 730027819 a prime number?
False
Is 2071949455 a composite number?
True
Is 2999263313 prime?
False
Is 14419241891 a prime number?
False
Is 14269704389 composite?
False
Is 2132742653 a composite number?
False
Is 4460936741 prime?
False
Is 31542047869 a prime number?
True
Is 91757999383 a composite number?
False
Is 75423334969 a composite number?
False
Is 60305357993 a prime number?
True
Is 2166272201 prime?
True
Is 1240970689 a prime number?
False
Is 17212884961 prime?
True
Is 22422597263 prime?
False
Is 2197165381 a composite number?
False
Is 32210232389 a prime number?
True
Is 87586762083 prime?
False
Is 117441769 a composite number?
False
Is 1149213833 a composite number?
True
Is 67660157 composite?
False
Is 926731097 a composite number?
True
Is 7817147729 composite?
False
Is 44922912929 a prime number?
True
Is 65187553 a prime number?
False
Is 1497490831 prime?
False
Is 25812458117 composite?
False
Is 183636199529 a prime number?
False
Is 24735763699 a prime number?
True
Is 648605383 prime?
False
Is 603118633 composite?
True
Is 13670960539 composite?
False
Is 6852477257 prime?
True
Is 2110434499 a prime number?
True
Is 2770399477 prime?
False
Is 1146929221 composite?
False
Is 47548802981 a prime number?
True
Is 12780974957 a composite number?
False
Is 167346323 prime?
True
Is 48573209 a prime number?
False
Is 414361697 a prime number?
True
Is 436986337 a composite number?
False
Is 1763399639 a composite number?
False
Is 91142099 composite?
True
Is 18531582961 a composite number?
True
Is 6707225446 composite?
True
Is 7383152401 a prime number?
True
Is 2326037123 composite?
True
Is 1999909433 prime?
True
Is 10260897685 a composite number?
True
Is 1667093821 prime?
False
Is 2246123329 prime?
True
Is 12601018319 composite?
True
Is 26265408677 a prime number?
True
Is 612026027 a composite number?
True
Is 6854206393 prime?
True
Is 98138394626 prime?
False
Is 181329282499 a prime number?
True
Is 409771493 composite?
True
Is 292604421 prime?
False
Is 6942294751 composite?
True
Is 344495689 composite?
False
Is 143642515 prime?
False
Is 241217111 prime?
True
Is 183486208427 a prime number?
True
Is 16644058231 a prime number?
True
Is 78900966483 a composite number?
True
Is 193186517 a prime number?
True
Is 8917788409 a prime number?
True
Is 1652052991 a composite number?
True
Is 21800371881 composite?
True
Is 8031205769 composite?
False
Is 9906913273 a composite number?
False
Is 254153849 a prime number?
False
Is 6133390573 prime?
True
Is 2001844555 composite?
True
Is 15492546659 a prime number?
False
Is 8390855911 prime?
False
Is 29988501821 prime?
True
Is 42430613789 prime?
False
Is 2363674111 composite?
True
Is 123939430399 a prime number?
True
Is 29086104923 a composite number?
True
Is 1027006991 prime?
False
Is 1106972437 composite?
False
Is 189845441587 composite?
True
Is 62350648313 a composite number?
False
Is 303492803 a composite number?
False
Is 706736753 a prime number?
True
Is 1161513193 a prime number?
True
Is 150519353723 composite?
False
Is 5458606603 a prime number?
True
Is 893398279 a composite number?
True
Is 379277422429 composite?
False
Is 2098320859 a composite number?
True
Is 8222008849 a prime number?
True
Is 495597671 prime?
True
Is 65317891303 a 